et t = 1 - -3. What is i(t)?
-10
Let g = -16 + 17. Let i(u) be the third derivative of u**5/30 + u**4/24 - u**3/6 + 2*u**2. What is i(g)?
2
Let b(s) = 2*s - 1. Suppose 5*v + 2*i - 10 = 0, 3*i - 11 = -4*v + 4. Suppose r = 4*c + 14, -3*c = r + 3*r + 1. Let n = v - c. Calculate b(n).
5
Let u(s) = s - s - 6*s + 2 + 2*s. Determine u(4).
-14
Let f(u) = -u**3 - 6*u**2 - 4*u + 5. Suppose 2*t - 38 = -0*t. Suppose -4*b - t = 1. Calculate f(b).
0
Let q(w) = -33*w**3 + 0*w + 76*w**3 - w - 39*w**3. Let r(n) = -n**2 - n + 1. Let k be r(1). Calculate q(k).
-3
Let h = 4 - 15. Let t = -1 + h. Let v = t + 7. Let w(c) = -c**2 - 6*c - 7. Give w(v).
-2
Let g be ((-6)/12)/((-2)/4). Suppose -3*f + 2*z - 7 = 0, -2*f = -5*z - g - 9. Let a(p) = -p - 1. Determine a(f).
4
Suppose 2*w - 4 - 2 = 0. Let l(m) = m**2 + 6*m + 2. Let v(s) = s**2 + 6*s + 1. Let h(g) = w*l(g) - 2*v(g). Give h(-5).
-1
Suppose -d = -3*d + 8. Let f(c) = -6*c + 21. Let p(t) = t - 4. Let l(q) = d*f(q) + 21*p(q). What is l(-2)?
6
Let w be (-2)/(-4) + (-21)/(-42). Let y(v) = -v**2 - 2*v + 1. Determine y(w).
-2
Let s(l) be the third derivative of l**4/24 + l**3/2 + 8*l**2. Determine s(6).
9
Let g(u) = -3*u + 9. Let m = 193 - 188. What is g(m)?
-6
Let n(r) = 2*r + 3. Let a be 19/(-6) - (-8)/48. Let u = -7 - a. Determine n(u).
-5
Let i be 65/30 - 1/6. Suppose -6 = -i*m - 10. Let l(y) = y**2 + 2*y + 1. Give l(m).
1
Let r(d) = -2*d + 6*d + 6*d - 3 - 7*d. Let n(m) = 16*m - 15. Let f(k) = 2*n(k) - 11*r(k). What is f(6)?
-3
Let j(z) = 2*z - 3. Suppose 0*l - 11 = -3*q + l, q - 5*l - 27 = 0. What is j(q)?
1
Let g = 2 + -5. Let x(u) = u + 6. Let n be x(-6). Let l(p) = n + 3 + 0*p + 0 + p. Determine l(g).
0
Let y be 4 - (1 + 0 + -3). Let i be (y/8)/((-4)/(-16)). Let f(n) = 4*n**2 - n - i + 0*n**2 + 4*n - n**3. Determine f(4).
9
Let r(k) be the second derivative of -5*k**4/12 - k**3/3 + k**2/2 + k. Determine r(1).
-6
Let a(p) = 4*p - 5. Let r(h) = 3*h - 6. Let k(s) = 2*a(s) - 3*r(s). Give k(9).
-1
Let r(q) = -q + 4. Let d = 15 - 14. Let t = 2 + d. What is r(t)?
1
Let s(w) = -w**2 - 3*w. Let t(n) = -n**2 - 2*n - 4. Let g be t(-2). Determine s(g).
-4
Suppose 3*p + x = p + 8, 4*p - x = 28. Let n(v) = -v**3 + 7*v**2 - 6*v + 6. Calculate n(p).
6
Let y(d) = 2*d**2 - 2*d - 1. Let s(w) = -w**3 - 12*w**2 - 13*w - 16. Let o be s(-11). Let q = -7 + o. Calculate y(q).
3
Suppose 0*p + 5*p - 12 = -3*t, 0 = 2*p - t + 4. Let j(g) = g - 3. Give j(p).
-3
Let t be (2 + 0)/(8/(-12)). Let d(f) = -5*f**2 - 3*f + 19. Let i(c) = -2*c**2 - 2*c + 9. Let z(j) = t*d(j) + 7*i(j). Calculate z(4).
2
Let i(a) = -2*a + 2. Let v be i(-2). Let r(q) = -3*q + 0*q**2 - 1 + 0 + q**2 + v*q. Give r(-4).
3
Let d(p) = -4 + 2*p**2 - 3*p**2 + 5. What is d(-1)?
0
Let f(k) be the second derivative of k**6/360 - k**5/40 - k**4/8 + 3*k**3/2 - 8*k. Let u(q) be the second derivative of f(q). Determine u(3).
-3
Let h(j) be the second derivative of j**3/6 - 7*j**2/2 - 3*j - 6. Determine h(5).
-2
Let q(m) be the third derivative of 2/3*m**3 + 2*m**2 + 0*m + 0 - 1/24*m**4. Calculate q(3).
1
Let w(f) be the third derivative of f**2 + 0*f - 1/24*f**4 + 1/2*f**3 + 0 - 1/120*f**5 - 1/360*f**6. Let u(b) be the first derivative of w(b). Calculate u(-1).
-1
Let m(l) = 2*l**2 - 4*l - 3. Suppose -5*s + 24 = -2*s - 4*r, 0 = -3*s - r + 9. Determine m(s).
13
Suppose -2*r - 2*r + 2*i - 14 = 0, -5*r - 15 = -2*i. Let u(w) = -4*w**2 + 4*w - 3. Let m(y) = 4*y**2 - 5*y + 4. Let b(q) = 3*m(q) + 4*u(q). Calculate b(r).
-5
Let p(c) = -6*c - 6*c**3 + 6*c - 1. Calculate p(-1).
5
Let b(l) = l**2 - 2*l - 3. Let f be b(-2). Let p(t) = f - 4*t - 6 + 3*t. Let x = -12 + 8. Give p(x).
3
Suppose 6*y = y + 10. Let r(s) = s**3 + s**2 - 4*s + 3. Calculate r(y).
7
Let x(b) = 6*b**3 - 5*b**2 - 9*b - 4. Let f(y) = -7*y**3 + 5*y**2 + 10*y + 4. Let w = -18 + 23. Let g(h) = w*f(h) + 6*x(h). Give g(6).
8
Let b(z) = -12*z - 4. Let i(n) = 4*n + 1. Let w(q) = -5*b(q) - 16*i(q). Determine w(3).
-8
Let h(f) be the first derivative of 0*f + 1/2*f**4 + 0*f**3 + 0*f**2 - 1. Suppose 4*c + 9 = 5. Determine h(c).
-2
Suppose -2*f - 3*u = 3*f - 60, f = -5*u + 34. Suppose -2*j = -y + f, 4*y - j = -y + 18. Let i(m) = m - m - y*m**3 - m**2. Give i(-1).
2
Let x(m) be the third derivative of 13*m**5/60 + m**4/12 + m**3/6 - 13*m**2. Suppose 0 = w - n - 1, -w + n = 5*n + 9. Calculate x(w).
12
Let m(o) be the first derivative of 2*o**3/3 + o**2 + o + 5. Let h(a) = -a**2 + 4*a + 3. Let c be h(5). Give m(c).
5
Let l(v) be the first derivative of -v**4/4 + 4*v**3/3 + 3*v**2 - 6*v + 59. Give l(5).
-1
Let b(d) be the first derivative of -d**4/4 - d**3 + 2*d**2 - 4*d + 4. Determine b(-4).
-4
Let f(a) = -a**2 - 12*a - 6. Let v be 10/(-2) + 0 + -2. Let l(s) = -s**2 - 11*s - 5. Let k(c) = v*l(c) + 6*f(c). What is k(-4)?
-5
Let a be -2*(-2 - (-22)/(-4)). Suppose 0 = -4*z + z + a. Let s(r) = -1. Let w(u) = -u**2 + 4*u + 2. Let c(t) = 4*s(t) + w(t). Determine c(z).
-7
Let c(v) = -2*v - 1. Let z(h) = 2*h + 3. Suppose -5*b + 4*y = -10, 4*b + 17 = 3*b - 3*y. Let o be z(b). Give c(o).
1
Let o(b) = -b**2 + 8*b + 6. Let i = -74 - -82. Calculate o(i).
6
Let a(u) = -5*u - 1. Let j(x) = 3*x + 1. Let y(m) = 6*a(m) + 11*j(m). Calculate y(-4).
-7
Let y(j) = j + 6. Let a = 25 - 18. Suppose 2 = -2*x, 4*x + 2 - a = -3*q. Suppose q*m + 12 = -m. Calculate y(m).
3
Let p(w) be the third derivative of 5*w**4/24 + w**3 + 24*w**2. What is p(-5)?
-19
Let p(y) be the third derivative of y**6/120 + y**5/15 + y**4/12 - y**3/2 - 2*y**2. Let l be ((-20)/(-15) - 1) + (-13)/3. Calculate p(l).
-11
Let d(f) = f**2 - 3*f - 2. Let q(z) = z - 12. Let h(p) = p - 12. Let w(y) = -3*h(y) + 2*q(y). Let a be (2/3)/((-2)/(-21)). Let u be w(a). Calculate d(u).
8
Let c(k) = -1 - 5 - 12*k + 11*k - 9. Calculate c(-13).
-2
Let j(a) = 11*a**3 + a**2 - 5*a - 1. Let n(c) = c**3 - c. Let x(k) = j(k) - 5*n(k). Determine x(1).
6
Let a(k) = k**3 + k**2 + 1. Let h be (4 - 65/15)/((-2)/(-6)). Calculate a(h).
1
Suppose -4*j = 3*m + 12, -2*m - 8 + 0 = 5*j. Let t be (-16)/(-6) + m/6. Let o(g) be the third derivative of -g**4/8 + g**3/6 - g**2. Give o(t).
-5
Let j(w) = -w**2 - 5*w + 4. Let k be j(-4). Suppose 2*s - 2*g - 2 = k, 4*s - 20 = -g. Let a(i) = i**2 - 5*i - 1. Give a(s).
-1
Suppose 3*r - 9 = 3. Let n(l) = -l**2 + 3*l + 4. Determine n(r).
0
Let h(n) = 2*n + 2. Let y(a) = -a**2 + 3*a + 4. Let c be y(3). Suppose -2*x - c = -0*x. Calculate h(x).
-2
Suppose 2 + 8 = -2*w. Let y(g) be the first derivative of g**4/4 + 4*g**3/3 - 5*g**2/2 + 3*g + 81. Determine y(w).
3
Suppose -l = -2*l + 5. Let i(x) = -6*x + 4*x**2 + 0 - 5 - 3*x**2 + 3. Calculate i(l).
-7
Let t be (-1)/4 + (-186)/(-8). Let a = 32 - t. Suppose -5*f - 6 = a. Let u(r) = -3*r + 2. Determine u(f).
11
Let p(h) = -h + 5. Let w(m) = m + 18. Let b be w(-13). Calculate p(b).
0
Let j(p) = 3*p**3 - 15*p**2 - 9*p - 5. Let l(h) = h**3 - h**2 - 2*h + 1. Let a(b) = j(b) - 4*l(b). Give a(-11).
2
Let r(c) = -c**3 - 1 - 3*c**2 - 2 - 4 - 4*c**2 - c. Determine r(-7).
0
Suppose -7*d - 24 = d. Let q(c) = c**3 + 3*c**2 + c + 3. Give q(d).
0
Let l(g) = g - 7. Let u = -59 - -53. Determine l(u).
-13
Let r = 7 - 3. Let c(g) = -g**3 + 4*g**2 - 2*g**3 - 2*g - g**3 + 3*g**3 + 6. What is c(r)?
-2
Let v(s) be the third derivative of s**4/24 + 4*s**3/3 - s**2. Let h be v(-8). Let p(i) = i**3 + 4. Calculate p(h).
4
Let w(v) = -v - 1. Let i(u) = u - 8. Let t be -5*(-2 + -2)/2. Let r be i(t). Let n be w(r). Let j(k) = k**2 + 4*k + 3. What is j(n)?
0
Let y(u) be the second derivative of -u**5/20 + u**4/3 + 7*u**3/6 - 5*u**2/2 - u. Let j be y(5). Let v(q) = 2*q + j*q**2 + 4*q + 2 - 1 - 6*q**2. Determine v(6).
1
Let n be -1 + (0 + -2)/(-1). Let t(q) = -q**2 - 2*q + 2. Let z(h) = -h. Let y(j) = -t(j) - 6*z(j). Let x(f) = -f. Let w(c) = n*y(c) + 5*x(c). Calculate w(-4).
2
Let p = 67 - 63. Let z(f) = -3*f + 5. What is z(p)?
-7
Let m(f) be the third derivative of -f**5/60 - f**4/2 - 7*f**3/6 - 4*f**2. Give m(-12).
-7
Let o(r) = 0 - 5 - 5 + 4 - 3*r. What is o(-4)?
6
Suppose -8*q + 7*q - 2 = 0. Let d(b) = 4*b**2 + 3*b + 2. What is d(q)?
12
Let j(m) = -10*m**3 - 3*m**2 + 2*m - 4. Let z(w) = 11*w**3 + 4*w**2 - 2*w + 5. Let v(h) = -6*j(h) - 5*z(h). Give v(-1).
-6
Suppose -4*z + 13*z = -18. Let a(f) = 4*f**2 - f - 2. Give a(z).
16
Let u(v) = v - 2*v + 6 - v - 7. Let c(y) = y. Le